when t is divided by 12?
7
Let d = -437 - -1481. Calculate the remainder when d is divided by 95.
94
Let j(i) = i**3 + 4. Let s be j(0). Let u = s - 13. What is the remainder when 6/u*(-3 - 72) is divided by 26?
24
Suppose v - 3*o - 133 = o, -4*v + 2*o = -462. Let x = -1273 + 1302. Calculate the remainder when v is divided by x.
26
Suppose -p + 7*w = 3*w - 295, -3*p + 5*w = -857. What is the remainder when p is divided by 28?
27
Let w(q) = 2 - 3*q**2 + 2*q + 0*q**2 - 1 + 6*q**3. Let f = -22 + 24. What is the remainder when w(f) is divided by 22?
19
Let f = -25 + 13. Let j = f - -37. Calculate the remainder when 48 is divided by j.
23
Let b be 1/(-5) + (-1596)/20. Let r = -41 - b. Calculate the remainder when r is divided by 14.
11
What is the remainder when 15 is divided by (((-3)/2)/3)/((-12)/72)?
0
Let r be 10 + -8 - (-16)/(-2). What is the remainder when (14/r)/(1330/222 + -6) is divided by 29?
27
Suppose -28*y + 468 = -22*y. Calculate the remainder when y is divided by 10.
8
Let b = 41 - -24. What is the remainder when b is divided by 19?
8
Let y = -1220 - -1406. What is the remainder when y is divided by 5?
1
Suppose h + 1 + 19 = 5*s, 5*s = -5*h - 40. Calculate the remainder when -236*(12/(-30))/((-8)/h) is divided by 12.
10
Let z = -18 - -42. Suppose 20*o = -5*o + 2975. Calculate the remainder when o is divided by z.
23
Suppose -19*w + 4494 = -370. Calculate the remainder when w is divided by 22.
14
Let h(c) = -c + 6. Let j be h(4). Suppose 0 = 4*b + 22 + j. Let i = 58 + b. Calculate the remainder when i is divided by 18.
16
Suppose -900*p + 8556 = -888*p. Calculate the remainder when p is divided by 21.
20
Let z(k) = 2*k**3 - 49*k**2 + 26*k - 36. What is the remainder when 644 is divided by z(24)?
8
Suppose 363 = 16*r - 37. Calculate the remainder when r is divided by 9.
7
Let o(k) = k**3 + 8*k**2 + 8*k - 9. Calculate the remainder when 207 is divided by o(-5).
25
Suppose -7 = -8*k + 25. What is the remainder when 63 is divided by k/12 - (-96)/9?
8
Calculate the remainder when 66 is divided by ((-696)/(-18) - 4)*(-18)/(-24).
14
Let b be ((-4)/(-2 + -2))/((-2)/6). Let y(u) = 4*u**2 + u + 10. What is the remainder when y(b) is divided by 22?
21
Let b(f) = 4*f**3 - 27*f**2 + 10*f - 12. Let m(l) = l**3 - 9*l**2 + 3*l - 4. Let c(s) = 2*b(s) - 7*m(s). Calculate the remainder when 77 is divided by c(-9).
12
Let c(s) = -s**2 + 9*s + 4. Let v be c(8). Let q = 414 + v. Calculate the remainder when ((-4)/(-8))/(3/q) is divided by 24.
23
Let h(w) = 2*w**3 + 5*w**2 - 14*w + 33. Calculate the remainder when h(3) is divided by 82.
8
Let b(i) = -14*i - 196. What is the remainder when b(-18) is divided by 13?
4
Let r(n) = 2*n**3 + 5*n**2 - n + 8. Let x be r(-4). Let g = x - -47. What is the remainder when g is divided by 4?
3
Let n = -1047 - -1094. Calculate the remainder when n is divided by 2.
1
Let u = -10 + 10. Suppose 0 = -y + r, -5*y + r + 16 = -u*y. Suppose 3 = y*o - 29. What is the remainder when 21 is divided by o?
5
Let a(r) = r**3 + 4*r**2 - r - 3. Let j = 57 - 14. Suppose -3*i - 1 = -j. What is the remainder when i is divided by a(-3)?
5
Suppose 2*h - 3 = -5. Let u = 13 + h. What is the remainder when 35 is divided by u?
11
What is the remainder when 35/(-2)*(-18)/15 is divided by (36/14)/(-9) - (-204)/28?
0
Suppose 3*d - 6*d = -9. Suppose -3*i + 274 = 178. What is the remainder when i is divided by d?
2
Calculate the remainder when 148 is divided by (210/(-24) - -5)*20/(-3).
23
Let p(k) = k**2 - 20*k - 50. Calculate the remainder when p(31) is divided by 90.
21
Calculate the remainder when 574 is divided by 5 + (-12 - 0) + 32.
24
Let x = 28 - 25. Suppose -x*w - 26 + 131 = 0. Calculate the remainder when w is divided by 9.
8
Let x = -56 + 54. Let t = 12 - x. What is the remainder when t is divided by ((-4)/(-12))/(2/48)?
6
Let r = 8 + 8. Let k = -4 - -91. Suppose -q = -4*q + k. Calculate the remainder when q is divided by r.
13
Calculate the remainder when ((-33)/99)/(-1 - (-1313)/1314) is divided by 5.
3
Let x = -143 + 237. Calculate the remainder when x is divided by 88.
6
Suppose -7*z + 4*z = -141. Calculate the remainder when z is divided by 15 + (-3 - -1) - 3.
7
Let u(i) = 5*i + 7. Let n be u(5). Suppose n = 2*h - 0*h. Suppose 3*p - 3*w - h = -2*w, 0 = 4*p - 3*w - 13. Calculate the remainder when 19 is divided by p.
5
Let x = 28 + -23. Suppose -2*n - 20 = -2*u, x*n - 2*n = -5*u + 10. What is the remainder when 22 is divided by u?
2
Suppose -2*a = 4*a - 12. Let l be 9 + a + (-4 - -8). Suppose 11*n + 60 = l*n. Calculate the remainder when 44 is divided by n.
14
Let p = 274 + -130. What is the remainder when p is divided by 51?
42
Calculate the remainder when 2/(((-108)/1056)/(-9)) is divided by 12.
8
Let b be 583*-1 - (-1 - -2). Suppose 5*f - 95 = -0*f. Calculate the remainder when (-2)/4 + b/(-16) is divided by f.
17
Let s(u) = u**3 - 6*u**2 + 20*u - 107. Let j = 116 - 81. Calculate the remainder when j is divided by s(6).
9
Suppose 0 = 3*u - 3*f - 54, 2*u - 4*u + 3*f + 37 = 0. Let s(x) = 5*x - 90. Let g be (5/(-2))/5*(2 - 42). What is the remainder when u is divided by s(g)?
7
Suppose 598 = 17*s + 37. What is the remainder when 152 is divided by s?
20
Suppose -5*k = -0*k - 150. Let h = 146 + 21. Suppose u - 116 = -o, o - u = -49 + h. Calculate the remainder when o is divided by k.
27
Calculate the remainder when 30/((-25)/(-5)) + (105 - -2) is divided by 15.
8
Let w = -851 - -868. What is the remainder when 88 is divided by w?
3
Let u(w) = w**2 + 2*w - 6. Let h be u(-5). Let l be (h/(-6))/((-3)/4). Suppose -6 = l*p, 5*p = 4*i + p - 56. What is the remainder when 32 is divided by i?
10
Let n(h) = -h**2 + 7*h + 188. Calculate the remainder when 173 is divided by n(-10).
11
Let n be (-21694)/8 + 3/(-12). Calculate the remainder when n/(-64) - (-3)/(-8) is divided by 22.
20
Let d = 28 + -36. Calculate the remainder when 22 is divided by (-50)/(-4) - (-4)/d.
10
Let m be 1 - (-2)/2 - (-5 + -33). Suppose 0 = -9*o + 8*o + m. What is the remainder when o is divided by 21?
19
Let l(f) = f**2 + 14*f + 5. Let h be l(-13). Let x(k) = -2*k + 9. Calculate the remainder when 49 is divided by x(h).
24
Suppose -136 = -4*f - 4*m, f + 2*m - 11 - 25 = 0. Suppose -5*l = 2*o - 450, 6*o - 435 = -5*l + o. What is the remainder when l is divided by f?
28
Suppose -3 = z - 0. Let j = z - -6. Suppose 4*l - 3*l - j*h = 11, -l - 5*h + 11 = 0. What is the remainder when 43 is divided by l?
10
Suppose -2*u + 5*u + 23 = d, 5*d = 2*u + 180. Calculate the remainder when d is divided by 10.
8
Let a(u) = -16*u - 1 - 2 - 7*u. Let q = -5724 - -5746. What is the remainder when a(-2) is divided by q?
21
Let b(i) = i**3 + i**2 + 19. Calculate the remainder when 2 + -7 + 75 - -5 is divided by b(0).
18
Suppose -5*d - 2*p - 30 = -d, 0 = -4*d - 5*p - 27. Calculate the remainder when 115 is divided by (-130)/(-14) - d/(-28).
7
Suppose -40 = -2*m - 2*w, 3*m - 2*w + 3 - 78 = 0. What is the remainder when 37 is divided by m?
14
Let c(u) = -2*u**3 - 8*u**2 - u + 3. Suppose 4*k + 82 - 66 = 0. Suppose -5*m - 5*y = -85, y - 19 = -2*m + 2*y. What is the remainder when m is divided by c(k)?
5
Let s(r) be the second derivative of -r**4/12 - 17*r**3/6 - 11*r**2/2 + 2*r. What is the remainder when 55 is divided by s(-15)?
17
Let g(p) = -6*p**2 - 9*p - 4. Let o = -16 + 22. Let u(h) = 6*h**2 + 8*h + 3. Let v(j) = o*u(j) + 5*g(j). Calculate the remainder when v(1) is divided by 2.
1
Let k = -5 - -12. Suppose 0 = -6*d + k + 11. What is the remainder when 14 is divided by d?
2
Let l = 7556 - 5355. What is the remainder when l is divided by 19?
16
Suppose 8*i - 11*i + 63 = 0. Calculate the remainder when i is divided by ((-6)/7)/(2/(-14)).
3
Suppose -3*h + 12 = -3. Suppose -10 = 3*q - 13, 0 = 5*k - q - 49. What is the remainder when k is divided by h?
0
Let r(l) = 5*l**2 + 14*l - 1. Suppose 0 = -2*z + 5*k + 27, -z + 2*k + 4 + 8 = 0. What is the remainder when r(-4) is divided by z?
5
What is the remainder when (-2)/13 + 66654/273 is divided by 62?
58
Suppose -5*d = 3*s + 2*s - 45, d = -5*s + 41. Suppose 4 = s*i - 6*i. Suppose 3*k - 7*k = p - 19, 8 = 2*k + i*p. What is the remainder when 19 is divided by k?
4
Suppose 0*p + 2*p - 34 = 0. Suppose 0 = -4*x + 31 + 97. Suppose 24*a = 23*a + x. Calculat